Let k(n) = n**2 - n - 3. What is k(v)?
3
Let z be (3/(-4))/((-12)/32). Let i(k) = -5*k**2 - 3*k + 3. Determine i(z).
-23
Let k be (2/(-2))/2 - (-275)/(-50). Let p(s) = 0*s + 2*s - 14 - 3*s. What is p(k)?
-8
Let g(a) be the third derivative of -a**6/240 - a**5/40 + 5*a**4/24 + 3*a**2. Let k(o) be the second derivative of g(o). Give k(-3).
6
Let j(a) = -2*a**2 - 10*a + 6. Let g(q) = -3*q**2 - 19*q + 12. Let v be -5*(-2 - (2 + -3)). Let k(f) = v*j(f) - 3*g(f). Determine k(5).
4
Let w(o) = 51*o - 8 + 33 - 52*o. Determine w(0).
25
Suppose 12 = -m + 2*r + 2, -5*r = -5*m - 25. Let x(a) = a - 7. What is x(m)?
-7
Let s(b) = b**3 + 5*b**2 - 5*b + 6. Suppose 3*k + 4*h = 2, 16 = 4*k - 5*k + 2*h. What is s(k)?
0
Let f(p) = 2*p**2 - 3*p + 1. Let o be f(2). Let k(y) = y**3 - 3*y**2 - 2*y + 4. Let a be k(o). Let d(s) = s - 1. Give d(a).
-3
Let g(c) = 5*c**2 - c**2 + 5 - 5*c**2 + c + 13*c. Determine g(14).
5
Let f(o) be the third derivative of o**5/30 + o**4/24 + o**3/6 - 11*o**2. Let c(x) = -x + 1. Let k be c(3). Determine f(k).
7
Let h(y) = y - 1. Let c(w) = -w**3 + 15*w**2 + 15*w + 20. Let a be c(16). Give h(a).
3
Let b(v) = 5*v**2 + 2 + 0 - 3*v + 1 + 2*v**2 - v**3. What is b(7)?
-18
Let t be -6*(-3)/6 - 0. Let s(h) = 6*h + 5*h**2 - 3*h - 14 + h**t + 10. Determine s(-3).
5
Let j(f) = -6*f**2 - f + 4. Let k(n) = -6*n**2 + 3. Let s(y) = 2*j(y) - 3*k(y). Suppose -14 - 6 = -4*r, 3*d = 2*r - 13. Determine s(d).
7
Let l = 13 - 6. Let z be (l + -1)*7/14. Let u(m) be the third derivative of -m**6/120 + m**5/20 + m**4/24 - m**3/3 - 3*m**2. Calculate u(z).
1
Let a(g) = -2*g**2 - 15*g + 9. Let x(h) = 2*h**2 + 16*h - 10. Let z(j) = 6*a(j) + 5*x(j). Let q(u) = u**2 + 5*u - 2. Let l(k) = 7*q(k) + 3*z(k). Give l(-6).
4
Let x(k) = -2 - k**3 - 2 + 2*k**3 + 4*k**2. Suppose 0 = -3*j - 8 - 1. Give x(j).
5
Let g(n) be the second derivative of n**5/20 + n**4/12 + n**3/6 + 5*n**2/2 - 6*n. Determine g(0).
5
Let p(o) = -o**3 + 5*o + 7. Let t(x) = x**3 + x**2 - 7 - 2*x**3 - 4*x + 2*x**3 - 2*x**2. Let m(i) = -5*p(i) - 6*t(i). Determine m(6).
1
Let p(g) = g - g**3 - 7 - 6 + 14 - 2*g**2. Suppose -3*o - 17 = -2*o + 3*i, -4*o + 7 = -3*i. Determine p(o).
-1
Let n(j) = -j**2 - 3*j - 3. Let u(q) = -2*q + 4. Let o be u(4). Calculate n(o).
-7
Let m(p) = -p**3 + 9*p**2 - 4*p - 7. Let w(z) = -3*z**3 + 19*z**2 - 9*z - 15. Let y(r) = -5*m(r) + 2*w(r). Give y(-7).
-9
Suppose -2*l - 2*x = x - 2, l = 5*x - 12. Let t(h) = -5*h - 8. Let z(o) = 14*o + 23. Let v = -3 + 20. Let p(g) = v*t(g) + 6*z(g). Determine p(l).
4
Let h(l) = l**3 - 2*l + 1. Let n = -6 + 6. Let g = n - 0. Suppose g = -4*x + 4. Give h(x).
0
Suppose -3*m - 52 = -4*h + 2*m, 2*m + 8 = 0. Let p(i) = -i + 9 - h + 0*i. What is p(2)?
-1
Suppose 9*h - h + 8 = 0. Let v(t) = 3*t**2 - 7*t + 5. Let m be 3*(-3)/(27/(-15)). Let c(d) = -4*d**2 + 11*d - 8. Let x(k) = m*c(k) + 8*v(k). Give x(h).
5
Let b(x) = -2*x + x**3 - 1 + 195*x**2 - 195*x**2. Calculate b(-1).
0
Suppose 0 = -3*q - 0*q + 12. Let w(l) = l**3 - 4*l**2 - 3. Give w(q).
-3
Let r(j) be the first derivative of -j**5/60 - j**4/3 - j**3 - 4*j**2 + 5. Let s(x) be the second derivative of r(x). Calculate s(-6).
6
Let v(d) = -d - 2 + 2 - 4. Suppose -5*u = -5, -5*u - 105 = -4*j - j. Suppose -w - j = -4*i, -3*w - 3*i - 1 = -2*i. What is v(w)?
-2
Let y(t) = 13*t + 25. Let i(v) = 3*v + 6. Let j(x) = -9*i(x) + 2*y(x). What is j(5)?
-9
Let j(b) = 4*b**3 + b**2 - b - 5. Let n(a) = a**3 - 1. Let r(w) = j(w) - 5*n(w). Let g be (-2)/(-4)*(-1 - -1). What is r(g)?
0
Let i(m) = -m**2 - 9*m + 4. Let q(t) = 3*t**2 + 26*t - 11. Let f(h) = 11*i(h) + 4*q(h). Determine f(-6).
6
Let z(c) = 9*c + 1. Let d(y) = 5*y. Let s(f) = 7*d(f) - 4*z(f). What is s(-3)?
-1
Let z(p) = -p**3 - 3*p**2 + 2*p + 4. Let h be z(-3). Let v(j) = -j**2 - 5*j - 3. Determine v(h).
3
Let j(r) be the second derivative of 0 - 2*r + 1/2*r**3 + 3*r**2. Let v = 42 - 47. Determine j(v).
-9
Let k(f) = -10 + 6*f**2 + 9*f - 699*f**3 + 348*f**3 + 350*f**3. What is k(7)?
4
Let t(m) = -m**2 + 3*m. Let v be t(4). Let n(f) = 5*f**3 - 3*f**2 + 4*f - 9. Let p(s) = -11*s**3 + 6*s**2 - 8*s + 19. Let h(a) = 13*n(a) + 6*p(a). Give h(v).
-3
Let d = -1 + 6. Suppose d = a - 0*a. Suppose -j - 24 = -a*j. Let c(v) = v**3 - 7*v**2 + 5*v + 6. Give c(j).
0
Let z(v) = -5*v**2 + 1 + v**2 - 2*v + 0*v. Let m be 2/(-17) + (-57)/(-51). Give z(m).
-5
Let f(i) be the third derivative of -i**5/60 + i**4/8 + i**3/3 - 4*i**2. Let t = -4 - -6. What is f(t)?
4
Let x(p) = -2*p**2 - 3*p - 4. Suppose v = -3*y - 3, 0*y + 3 = -v - 2*y. Determine x(v).
-13
Let h(p) = p + 1. Let g(n) = -6*n - 4. Let o(f) = -2*g(f) - 14*h(f). What is o(-7)?
8
Let l(m) be the third derivative of m**6/120 - 7*m**5/60 + 5*m**4/24 - m**3/2 - 4*m**2. Determine l(6).
-9
Let t(s) be the first derivative of s**2/2 + 8*s + 4. Let q be t(-8). Let o(x) = 2*x**3 - 2 - x**3 + 2*x**2 + q*x**3 + 3. Calculate o(-3).
-8
Let m(l) be the third derivative of l**6/360 - 7*l**5/120 + l**4/12 - l**3/6 + l**2. Let p(b) be the first derivative of m(b). Let s = -6 - -12. Determine p(s).
-4
Let s(o) = o**2 + o + 4*o**2 + 0 + 1. Let i = -405 + 404. Give s(i).
5
Let w = -8 + -7. Let j be (40/w)/((-1)/(-3)). Let a = j - -8. Let u(y) = y + 2. Calculate u(a).
2
Let j(n) = -3*n**2 - 4*n**2 + 9*n**2 - 5*n**2 + 4 + n + n**3. What is j(3)?
7
Let p = -3 - -12. Suppose 0 = -4*j + p*j + 10. Let l(a) be the first derivative of -2*a**3/3 - 3*a**2/2 - 2*a + 1. Determine l(j).
-4
Let p(v) = -9*v**3 + 2*v**2 + v + 1. Let g(m) = -27*m**3 + 7*m**2 + 4*m + 3. Let i(o) = 2*g(o) - 7*p(o). Calculate i(1).
9
Let w(a) be the first derivative of a**4/4 - 7*a**3/3 + 3*a**2 - 2*a + 27. What is w(6)?
-2
Let y(w) = w + 4. Let c(z) = -2 + 0 + 2 + 2. Let p(m) = 5*c(m) - 2*y(m). Calculate p(4).
-6
Let b(g) = -g**3 + 4*g**2 - 3*g - 4. Let i = 3 + 0. What is b(i)?
-4
Let j = 7 + -10. Let v(m) be the first derivative of -m**6/360 - m**5/60 - 2*m**3/3 - 3. Let f(b) be the third derivative of v(b). Determine f(j).
-3
Let j(h) be the second derivative of h**5/20 + 5*h**4/12 - h**3/6 - h**2/2 + 3*h. Calculate j(-5).
4
Let j(t) = t**2 - 13*t + 14. Let r be j(12). Suppose r*g - 5 = -7. Let k(x) = 6*x**2 + x + 1. What is k(g)?
6
Suppose -28 = -4*b - 8. Let u(c) = -c**2 + 5*c + 3. Give u(b).
3
Let c(l) = 71*l + 4*l**2 - 39*l - 3*l**2 - 4 - 35*l. Calculate c(3).
-4
Let f(d) = -d**2 - d + 7. Suppose 0 = 3*v - 4*v + 6. Suppose -5*w - 5*r = -35, -w - r - 23 = -v*r. Let n be 0/(w*3/(-6)). Give f(n).
7
Let s(o) = 2*o + 4. Let p(i) = -1. Let r(t) = 3*p(t) + s(t). Give r(-4).
-7
Let i(q) be the third derivative of -1/24*q**4 + q**2 + 0*q - 1/3*q**3 + 1/360*q**6 + 0 + 0*q**5. Let j(f) be the first derivative of i(f). Determine j(-1).
0
Let w(s) = 2*s**3 - 3 - 5*s - 2*s**3 + 0*s**2 - 6*s**2 - s**3. Determine w(-4).
-15
Let z(p) = 7*p**3 + p**2 - p - 1. Let g = -146 + 145. Give z(g).
-6
Let l(r) = 7*r + 22 - r**2 - 36 + 23. Calculate l(7).
9
Let j be (-2)/((-7)/(-2) + (-6)/4). Let q(c) = 6*c**3 + 1. What is q(j)?
-5
Let t(f) = 3*f - 4. Let m be t(3). Let j(o) = 2*o - 5. Let l be j(m). Let v(w) = 1. Let y(h) = h**2 - 4*h + 1. Let u(d) = 6*v(d) - y(d). Give u(l).
0
Let f be -5*(12/(-10) - 0). Let w(h) = 3*h - h - 7 + f. Give w(2).
3
Let g(y) = -3*y - 1. Let f be g(-1). Let i(x) = -2 + 3*x + x**3 - 50*x**2 + 1 + 47*x**f. Give i(2).
1
Let f(i) be the first derivative of -i**4/6 - 3*i**2/2 + 3. Let k(d) be the second derivative of f(d). Suppose w - 5 = -4. Give k(w).
-4
Let s(k) = -3*k + k + 3*k - 2. Suppose 4*y = h - 4, -12 = -2*h + 6*h - 2*y. Determine s(h).
-6
Let s = -5 + 8. Let y(k) = -2*k + 16 - 30 + 13 + k**2. Determine y(s).
2
Suppose -4*i - 12 = -y - 5, 3*y - 10 = i. Suppose 0 = 3*a + a - 20. Suppose -a*k + y*k + 2*s = 6, -5*s + 21 = -2*k. Let c(b) = -2*b**2 - 1. Determine c(k).
-9
Let v(s) = s**3 + 7*s**2 + 7*s + 8. Let i be v(-6). Let c = -18 + 20. Let b(n) = 0*n**c + n**3 + 9*n**2 - 12*n**2. What is b(i)?
-4
Let s(r) be the first derivative of -r**4/12 - r**3/2 - r**2 - 6*r + 1. Let d(q) be the first derivative of s(q). What is d(-2)?
0
Let j(t) = 3*t**3 + t - 1. Let l be 45/10 - 1/(-2). Suppose -4 = -4*o - 3*r, l*o - 4 = -3*r + 1. Determine j(o).
3
Let w = -77 - -79. Let n(p) = 7*p + 2. Calculate n(w).
16
Let z(b) = b**2 + 9*b - 8. Let d be z(-10). Suppose -s - 5*l = -30 + 1